derivative of -x**2 - 7*x + 1. Suppose -204 = 32*k + 2*k. Determine g(k).
5
Let m(q) = -q**2 - 4*q - 4. Let w(f) = -f**2 + f + 4. Let i be w(3). Let o be -1*(i + (-24)/(-4)). Give m(o).
-4
Let z(d) = -d**2. Let k(y) = -2*y**2 + y - 1. Let c(p) = -k(p) + 3*z(p). Calculate c(2).
-5
Let f(i) = -i**2 - i - 9. Let m = 1 - 1. Suppose m*w - 3*w = 0. Determine f(w).
-9
Let x = -9 + 11. Let v(a) = -2*a + 3. Calculate v(x).
-1
Let r(p) = p**3 + 6*p**2 - 5*p + 16. Let g be r(-7). Let m(h) = g - h + h + 4*h - 3*h. Suppose -s = s + 10. Give m(s).
-3
Suppose -5*b + 26 = -14. Let m = 9 - b. Let n(i) = -5*i**2 - i. Give n(m).
-6
Let h(i) be the second derivative of i**4/6 - i**3/2 + i**2 + 23*i. What is h(2)?
4
Let o(l) = l**3 + l**2 - 3*l - 3. Let c be o(-2). Let j = -2 + c. Let h(q) = -q**3 - 2*q**2 + q + 1. Determine h(j).
7
Let b(p) = 4*p + 1. Let t(n) = n - 6. Let y(c) = -5. Let q(g) = 4*t(g) - 5*y(g). Let m(z) = -5*b(z) + 4*q(z). Let j be (5 - 2)*2/(-3). Give m(j).
7
Let d(b) = -b + 11. Suppose -4*l + 3*l = -5. What is d(l)?
6
Let j = 5 + -3. Suppose -5*n = -4*v + 46, -n + 0*n = v + j. Let u(w) = -2*w - 9. Give u(n).
3
Let s(b) be the first derivative of 3*b**2/2 + 3*b + 5. Calculate s(-2).
-3
Let b(m) = -m**2 + 1. Let s(o) be the second derivative of o**4/12 - 5*o. Let r(x) = 2*b(x) + 3*s(x). Give r(-3).
11
Let z(v) = -v**2 - 3*v + 6 - 2*v - v - v. Let n = -9 + 2. Give z(n).
6
Let a(k) = -2 + 5*k + 2*k + k. Suppose -5*b = 2*u + 1, 0 = u + 4*u + b - 9. Give a(u).
14
Let f(l) = 5*l + 1. Let w(j) = -16*j - 3. Let m(s) = 11*f(s) + 4*w(s). Let r be (-4)/6*24/(-16). What is m(r)?
-10
Let u(h) = h - h**3 + h - 458 + 459. Determine u(2).
-3
Let m(a) = -a + 1. Let p(t) = -2*t - 4. Let o be p(-8). Let q = o + -7. Suppose q*g = 3*n - 12 + 4, 3*g - 8 = 5*n. What is m(g)?
5
Suppose 0 = -5*c + 8*c - 9. Let k(w) = -c*w + 1 - 1 + 4 + 0. Calculate k(4).
-8
Let o(z) = -14*z - 6. Let d = 7 + -13. Let b(t) = 5*t + 2. Let w(l) = d*o(l) - 17*b(l). Let s(f) = f**3 - 6*f**2 + f - 2. Let x be s(6). Calculate w(x).
-2
Let l = -2 - -2. Let i(a) = -a**3 + a**2 - a - 6. What is i(l)?
-6
Let o(b) be the third derivative of -b**6/120 - b**5/30 - b**4/24 + 3*b**2. What is o(-1)?
0
Let d be (8/10)/((-16)/(-200)). Let l(j) = d*j - 2*j**3 - 3 - 11*j + j**3. What is l(0)?
-3
Let m(f) = 3*f + 5. Suppose -3*k - 3*q = 18, 0 = -2*k - 2*k - 5*q - 26. Give m(k).
-7
Let t be (-33)/(-6) + -3*3/18. Let d(k) = k**2 - 2*k - 6*k + 3*k. What is d(t)?
0
Let q(n) be the second derivative of n + 0 - 1/12*n**4 + 1/2*n**2 + 1/6*n**3. Suppose -3*f = 2 - 5. Calculate q(f).
1
Let v(s) = -15*s**3 + s. Let i(x) = -x**3 - 8*x**2 - 8*x - 8. Let j be i(-7). Determine v(j).
14
Suppose 0 = -4*z + 4*t + 124, -9*t + 5*t + 65 = 3*z. Suppose 5*s = -2*d + z, -5*s + 0*s = -2*d - 23. Suppose s*k + 4 = -1. Let g(v) = 4*v. Determine g(k).
-4
Let r(y) = 3*y + 1. Let h(w) = -w**2 + 9*w - 18. Let n be h(4). What is r(n)?
7
Let h(c) = 4*c + 5. Let i(d) be the first derivative of 5*d**2/2 + 4*d - 2. Let u(n) = 3*h(n) - 4*i(n). Determine u(1).
-9
Let b(s) be the third derivative of s**5/60 - s**4/3 + 13*s**2. Calculate b(8).
0
Let r = -31 + 34. Let t(q) = -q**3 + 2*q**2 + 4*q - 1. Give t(r).
2
Let x(l) = -2*l**2 - l - 4. Suppose 8*b - 11*b - 9 = 0. Give x(b).
-19
Let v(b) be the third derivative of b**6/24 + b**5/60 - b**4/24 + 13*b**2. Give v(1).
5
Let n(v) = -v**2 - 2. Let r(o) = 7*o**2 - 7*o + 13. Let s(i) = 6*n(i) + r(i). Calculate s(5).
-9
Let m(y) = 1 + 3 - 3*y + 5*y - y. Let j be 15 - 7 - (2 - -1). Calculate m(j).
9
Let l(u) = -u**2 + 3*u - 4. Let q(w) be the third derivative of w**5/20 + 4*w**2. Let c be q(-1). Calculate l(c).
-4
Let r = 7 - 4. Suppose -r*x = x. Let d(s) = -2*s + 3 + 3*s - 4. Calculate d(x).
-1
Let c(x) be the second derivative of -x**4/3 - x**3/2 - 3*x**2/2 - 3*x. Calculate c(-2).
-13
Suppose -26*b - 36 = -20*b. Let z(v) = 5*v - 3 - v**2 - 13*v + 1. Give z(b).
10
Let k(p) be the second derivative of p**3/6 + 11*p**2/2 + 22*p. What is k(0)?
11
Let g(p) = p + 1. Let u(z) = -z**3 + z - 8. Let v be u(0). What is g(v)?
-7
Let i(g) = g**3 - 6*g**2 - 7. Let j(f) = 0 + 2 + f**2 - 1. Let w(s) = i(s) + 2*j(s). Suppose v - 1 = 3. Determine w(v).
-5
Let z(g) = -5*g**2 + g. Let w = 10 - 9. Calculate z(w).
-4
Suppose -3 - 3 = -a. Let l(w) = -w. What is l(a)?
-6
Let o(u) = 1 - 2 + u + 0*u + u**2 + u**3. Suppose -4*j = -2*j. What is o(j)?
-1
Let h be (0 - 1) + 1/(-1). Suppose -4*j - 6 + 14 = 0. Let p(o) = o + o**3 - 4*o**2 + 1 + 0*o**3 + 6*o**j. Calculate p(h).
-1
Let n(y) = -4*y**2 + 7*y - 2. Let r(w) be the second derivative of -3*w**4/4 + 5*w**3/2 - 5*w**2/2 - w. Let g(f) = 7*n(f) - 3*r(f). Determine g(3).
4
Let t(y) be the first derivative of -y**3/3 - 3*y**2 - y + 4. Calculate t(-5).
4
Let c(r) = -2*r + 41*r - 15*r - 10*r. Determine c(-1).
-14
Let i(u) = -4*u - 13. Let z be i(-4). Let w(f) = -2*f - 2. Give w(z).
-8
Let x be -3*(4/(-6))/(-1). Let t(f) be the second derivative of f**4/12 + f**2 - 25*f. Give t(x).
6
Let r(g) = g**3 + 4*g**2 + 4*g - 1. Let n(y) = y**3 - y**2 - y. Let t(f) = -5*n(f) - r(f). Let d be 1/(3/((-9)/3)). Calculate t(d).
7
Let v(u) = -u**3 - 4*u**2 - 4*u - 6. Let j be v(-4). Suppose 3*z + j = -14. Let o = z + 4. Let w(f) = 3*f + 4. Give w(o).
-8
Suppose -8 - 2 = 5*z. Let i(y) = -y**2 + 2*y + 1. What is i(z)?
-7
Let c(s) = -s**3 - 5*s**2 + 7*s. Suppose -5*n - 19 - 11 = 0. Give c(n).
-6
Let t(a) = 0*a**2 - 3*a**3 - 5*a**2 + 2 + 4*a**3 - 6*a + 3. What is t(6)?
5
Let n(a) be the first derivative of -a**5/20 - a**4/12 + a**3/6 + 7*a**2/2 + 2*a + 3. Let f(l) be the first derivative of n(l). Determine f(0).
7
Let l(c) = -15*c. Let r be l(-1). Suppose -y = -2*h - 10, -2*y + 6*y = 3*h + r. Let z(n) = y*n + 3*n - n**2 - n + 1. Determine z(-2).
-7
Suppose 0 = -3*r - 3*x, x - 8 = -5*r - 0*r. Let m be r/(-13) - (-82)/26. Let a(k) be the first derivative of -k**2/2 - k - 1. Give a(m).
-4
Let t(q) be the third derivative of q**7/840 - q**6/72 + q**5/40 - 5*q**3/6 - 2*q**2. Let h(m) be the first derivative of t(m). What is h(2)?
-6
Let n(b) be the first derivative of 2 + b - b**2 - b - 4 - 3*b. Determine n(-6).
9
Let c(m) = 4*m**2 - 4*m + 5. Let s(t) = -3*t**2 + 4*t - 4. Let a(o) = -4*c(o) - 5*s(o). Give a(-4).
0
Let b(d) = -d**3 - 3*d**2 + 3*d - 3. Let l(i) = -2*i**3 - 5*i**2 + 5*i - 5. Let g(a) = -5*b(a) + 3*l(a). Give g(2).
-8
Let v = 4 + -8. Let i(f) = 5*f**3 + 6*f - 2. Let q(s) = -s**3 - s**2 - s + 1. Let m(x) = v*q(x) - i(x). Let g = -9 - -12. Determine m(g).
1
Let p be 1/2 - (-2)/(-4). Suppose -3*n - n - 20 = p. Let t(y) = -y. Let o(f) = f**2 + 3. Let s(z) = -o(z) + 5*t(z). Determine s(n).
-3
Let m(o) = 3 - o**2 - 3*o + 0*o - o**2. Suppose -v + 10 = 4*v - n, 0 = 5*n. What is m(v)?
-11
Let g(z) = -14 + 10 + 5 - 6*z. Give g(-2).
13
Let s(g) = -2*g + 3. Let b(m) = -2*m + 4. Let k(w) = -w**3 - 6*w**2 - 3*w + 12. Let v be k(-5). Let f(a) = v*b(a) - 3*s(a). Determine f(3).
5
Let p(h) = 0*h - 2 - h**2 + 6*h - 11*h. Calculate p(-6).
-8
Let w(m) = -2*m**2 + 12. Let k be w(3). Let i(z) = z**2 + 9*z + 9. Let u(l) = -l - 1. Let q(d) = i(d) + 2*u(d). What is q(k)?
1
Let z(y) = -3*y**3 + 2*y**2 + 4*y - 7. Let u(j) = -10*j**3 + 5*j**2 + 12*j - 21. Let g(b) = -2*u(b) + 7*z(b). Give g(5).
-12
Let l(r) = 1. Let m(t) = -2*t - 4. Let n(a) = 4*l(a) - m(a). Determine n(-7).
-6
Let g(l) be the second derivative of -l**3/6 - l**2 + 13*l - 2. Give g(-3).
1
Suppose 0 = -5*n - 3*z - 15 - 27, 0 = 2*z + 8. Let h(k) = -3*k**2 + 2*k + 4. Let r(p) = p**2 - p - 1. Let b(d) = 6*h(d) + 17*r(d). Give b(n).
1
Let r = -5 - -5. Let w(p) = -p + p + r + 5 - 2*p. Determine w(5).
-5
Let p(f) = -6*f - 9. Suppose -20 = 2*n - 4*n. Let y be n*4/(-10)*1. Let c(v) = -v - 1. Let t(s) = y*c(s) + p(s). What is t(-5)?
5
Suppose 7 = 2*p + w - 0*w, 0 = -p - 3*w + 1. Let i(g) = 3*g**3 - 2*g**3 + 10*g + p*g**2 + 1 + 4 - 15*g. What is i(-5)?
5
Let r(h) = -h**3 + 5*h**2 + 6*h - 5. Let y be r(6). Let m(k) be the second derivative of k**3/6 + 2*k**2 - 7*k. Calculate m(y).
-1
Let u(t) = -2*t**2 + 2*t + 6. Let f(y) = 5*y**2 - 4*y - 13. Let l(m) = 3*f(m) + 7*u(m). Let v(d) be the first derivative of l(d). Determine v(-2).
-2
Let v(r) = 1 - 2 - 17*r**2 - r + 36*r**2 - 18*r**2. Calculate v(-3).
11
Suppose i = -4*p - 11, 0 = -2*i - 2*p - p - 12. Let a(y) = -2 - 3